{"id":10,"date":"2017-12-18T06:13:02","date_gmt":"2017-12-18T06:13:02","guid":{"rendered":"https:\/\/demo.themegrill.com\/colormag-dark\/?page_id=10"},"modified":"2024-04-17T07:41:17","modified_gmt":"2024-04-17T10:41:17","slug":"home","status":"publish","type":"page","link":"https:\/\/texwhite.com\/blog\/","title":{"rendered":"Home"},"content":{"rendered":"\t\t<div data-elementor-type=\"wp-post\" data-elementor-id=\"10\" class=\"elementor elementor-10\">\n\t\t\t\t\t\t<section class=\"elementor-section elementor-top-section elementor-element elementor-element-9abeab7 elementor-section-boxed elementor-section-height-default elementor-section-height-default\" data-id=\"9abeab7\" data-element_type=\"section\">\n\t\t\t\t\t\t<div class=\"elementor-container elementor-column-gap-no\">\n\t\t\t\t\t<div class=\"elementor-column elementor-col-100 elementor-top-column elementor-element elementor-element-3af74bc\" data-id=\"3af74bc\" data-element_type=\"column\">\n\t\t\t<div class=\"elementor-widget-wrap elementor-element-populated\">\n\t\t\t\t\t\t<div class=\"elementor-element elementor-element-58c2518 elementor-widget elementor-widget-ColorMag-Posts-Grid-2\" data-id=\"58c2518\" data-element_type=\"widget\" data-widget_type=\"ColorMag-Posts-Grid-2.default\">\n\t\t\t\t<div class=\"elementor-widget-container\">\n\t\t\t\t\t\n        <div class=\"tg-module-grid tg-module-grid--style-2 tg-module-wrapper\">\n            \n\t\t<div class=\"tg-module-title-wrap\">\n\t\t\t<h4 class=\"module-title\">\n\t\t\t\t<span>Mais Recentes<\/span>\n\t\t\t<\/h4>\n\t\t<\/div>\n\n\t\t\n            <div class=\"tg-row thinner\">\n                <div class=\"tg-col-control\">\n                    <div class=\"tg_module_grid tg_module_grid--full\">\n                                                    <figure class=\"tg-module-thumb\">\n                                \t\t<a href=\"https:\/\/texwhite.com\/blog\/trajetoria-de-ana-carolina-tecnica-em-quimica-na-texwhite-do-brasil\/\" class=\"tg-thumb-link\">\n\t\t\t<img fetchpriority=\"high\" decoding=\"async\" width=\"600\" height=\"417\" src=\"https:\/\/texwhite.com\/blog\/wp-content\/uploads\/2024\/05\/ana-carolina-quimica-texwhite-600x417.png\" class=\"attachment-colormag-elementor-grid-large-thumbnail size-colormag-elementor-grid-large-thumbnail wp-post-image\" alt=\"Ana Carolina, Qu\u00edmica, Texwhite - Paran\u00e1\" srcset=\"https:\/\/texwhite.com\/blog\/wp-content\/uploads\/2024\/05\/ana-carolina-quimica-texwhite-600x417.png 600w, https:\/\/texwhite.com\/blog\/wp-content\/uploads\/2024\/05\/ana-carolina-quimica-texwhite-392x272.png 392w, https:\/\/texwhite.com\/blog\/wp-content\/uploads\/2024\/05\/ana-carolina-quimica-texwhite-130x90.png 130w\" sizes=\"(max-width: 600px) 100vw, 600px\" data-attachment-id=\"580\" data-permalink=\"https:\/\/texwhite.com\/blog\/trajetoria-de-ana-carolina-tecnica-em-quimica-na-texwhite-do-brasil\/ana-carolina-quimica-texwhite\/\" data-orig-file=\"https:\/\/texwhite.com\/blog\/wp-content\/uploads\/2024\/05\/ana-carolina-quimica-texwhite.png\" data-orig-size=\"1200,678\" data-comments-opened=\"1\" data-image-meta=\"{&quot;aperture&quot;:&quot;0&quot;,&quot;credit&quot;:&quot;&quot;,&quot;camera&quot;:&quot;&quot;,&quot;caption&quot;:&quot;&quot;,&quot;created_timestamp&quot;:&quot;0&quot;,&quot;copyright&quot;:&quot;&quot;,&quot;focal_length&quot;:&quot;0&quot;,&quot;iso&quot;:&quot;0&quot;,&quot;shutter_speed&quot;:&quot;0&quot;,&quot;title&quot;:&quot;&quot;,&quot;orientation&quot;:&quot;0&quot;}\" data-image-title=\"ana-carolina-quimica-texwhite\" data-image-description=\"\" data-image-caption=\"\" data-medium-file=\"https:\/\/texwhite.com\/blog\/wp-content\/uploads\/2024\/05\/ana-carolina-quimica-texwhite-300x170.png\" data-large-file=\"https:\/\/texwhite.com\/blog\/wp-content\/uploads\/2024\/05\/ana-carolina-quimica-texwhite-1024x579.png\" \/>\t\t<\/a>\n\t\t                            <\/figure>\n                        \n                        <div class=\"tg-module-info\">\n                            <div class=\"tg-post-categories\"><a href=\"https:\/\/texwhite.com\/blog\/category\/blog\/\" class=\"tg-post-category\" rel=\"category tag\">Blog<\/a>&nbsp;<\/div>\t\t<h3 class=\"tg-module-title entry-title\">\n\t\t\t<a href=\"https:\/\/texwhite.com\/blog\/trajetoria-de-ana-carolina-tecnica-em-quimica-na-texwhite-do-brasil\/\">Trajet\u00f3ria de Ana Carolina, T\u00e9cnica em Qu\u00edmica na Texwhite do Brasil<\/a>\n\t\t<\/h3>\n\t\t                        <\/div>\n                    <\/div>\n\n                    <\/div><div class=\"tg-col-control\"><div class=\"tg-row thinner\">\n                    <div class=\"tg_module_grid tg_module_grid--small tg_module_grid--full tg-col-control\">\n                                                    <figure class=\"tg-module-thumb\">\n                                \t\t<a href=\"https:\/\/texwhite.com\/blog\/unidade-texwhite-do-brasil-morretes-e-premiada-em-jantar-noite-destaques-do-ano-2022\/\" class=\"tg-thumb-link\">\n\t\t\t<img decoding=\"async\" width=\"417\" height=\"198\" src=\"https:\/\/texwhite.com\/blog\/wp-content\/uploads\/2024\/04\/trofeus-texwhite-destaques-417x198.png\" class=\"attachment-colormag-elementor-grid-medium-large-thumbnail size-colormag-elementor-grid-medium-large-thumbnail wp-post-image\" alt=\"\" data-attachment-id=\"534\" data-permalink=\"https:\/\/texwhite.com\/blog\/trofeus-texwhite-destaques\/\" data-orig-file=\"https:\/\/texwhite.com\/blog\/wp-content\/uploads\/2024\/04\/trofeus-texwhite-destaques.png\" data-orig-size=\"417,396\" data-comments-opened=\"1\" data-image-meta=\"{&quot;aperture&quot;:&quot;0&quot;,&quot;credit&quot;:&quot;&quot;,&quot;camera&quot;:&quot;&quot;,&quot;caption&quot;:&quot;&quot;,&quot;created_timestamp&quot;:&quot;0&quot;,&quot;copyright&quot;:&quot;&quot;,&quot;focal_length&quot;:&quot;0&quot;,&quot;iso&quot;:&quot;0&quot;,&quot;shutter_speed&quot;:&quot;0&quot;,&quot;title&quot;:&quot;&quot;,&quot;orientation&quot;:&quot;0&quot;}\" data-image-title=\"trofeus-texwhite-destaques\" data-image-description=\"\" data-image-caption=\"\" data-medium-file=\"https:\/\/texwhite.com\/blog\/wp-content\/uploads\/2024\/04\/trofeus-texwhite-destaques-300x285.png\" data-large-file=\"https:\/\/texwhite.com\/blog\/wp-content\/uploads\/2024\/04\/trofeus-texwhite-destaques.png\" \/>\t\t<\/a>\n\t\t                            <\/figure>\n                        \n                        <div class=\"tg-module-info\">\n                            <div class=\"tg-post-categories\"><a href=\"https:\/\/texwhite.com\/blog\/category\/blog\/\" class=\"tg-post-category\" rel=\"category tag\">Blog<\/a>&nbsp;<\/div>\t\t<h3 class=\"tg-module-title entry-title\">\n\t\t\t<a href=\"https:\/\/texwhite.com\/blog\/unidade-texwhite-do-brasil-morretes-e-premiada-em-jantar-noite-destaques-do-ano-2022\/\">UNIDADE TEXWHITE DO BRASIL MORRETES \u00c9 PREMIADA EM JANTAR NOITE DESTAQUES DO ANO 2022!<\/a>\n\t\t<\/h3>\n\t\t                        <\/div>\n                    <\/div>\n\n                    \n                    <div class=\"tg_module_grid tg_module_grid--small tg_module_grid--half tg-col-control\">\n                                                    <figure class=\"tg-module-thumb\">\n                                \t\t<a href=\"https:\/\/texwhite.com\/blog\/1a-convencao-dos-franqueados-texwhite-do-brasil\/\" class=\"tg-thumb-link\">\n\t\t\t<img decoding=\"async\" width=\"392\" height=\"272\" src=\"https:\/\/texwhite.com\/blog\/wp-content\/uploads\/2024\/04\/conven1-392x272.jpg\" class=\"attachment-colormag-highlighted-post size-colormag-highlighted-post wp-post-image\" alt=\"\" srcset=\"https:\/\/texwhite.com\/blog\/wp-content\/uploads\/2024\/04\/conven1-392x272.jpg 392w, https:\/\/texwhite.com\/blog\/wp-content\/uploads\/2024\/04\/conven1-130x90.jpg 130w, https:\/\/texwhite.com\/blog\/wp-content\/uploads\/2024\/04\/conven1-600x417.jpg 600w\" sizes=\"(max-width: 392px) 100vw, 392px\" data-attachment-id=\"497\" data-permalink=\"https:\/\/texwhite.com\/blog\/1a-convencao-dos-franqueados-texwhite-do-brasil\/conven1\/\" data-orig-file=\"https:\/\/texwhite.com\/blog\/wp-content\/uploads\/2024\/04\/conven1.jpg\" data-orig-size=\"1280,601\" data-comments-opened=\"1\" data-image-meta=\"{&quot;aperture&quot;:&quot;0&quot;,&quot;credit&quot;:&quot;&quot;,&quot;camera&quot;:&quot;&quot;,&quot;caption&quot;:&quot;&quot;,&quot;created_timestamp&quot;:&quot;0&quot;,&quot;copyright&quot;:&quot;&quot;,&quot;focal_length&quot;:&quot;0&quot;,&quot;iso&quot;:&quot;0&quot;,&quot;shutter_speed&quot;:&quot;0&quot;,&quot;title&quot;:&quot;&quot;,&quot;orientation&quot;:&quot;0&quot;}\" data-image-title=\"conven1\" data-image-description=\"\" data-image-caption=\"\" data-medium-file=\"https:\/\/texwhite.com\/blog\/wp-content\/uploads\/2024\/04\/conven1-300x141.jpg\" data-large-file=\"https:\/\/texwhite.com\/blog\/wp-content\/uploads\/2024\/04\/conven1-1024x481.jpg\" \/>\t\t<\/a>\n\t\t                            <\/figure>\n                        \n                        <div class=\"tg-module-info\">\n                            <div class=\"tg-post-categories\"><a href=\"https:\/\/texwhite.com\/blog\/category\/blog\/\" class=\"tg-post-category\" rel=\"category tag\">Blog<\/a>&nbsp;<\/div>\t\t<h3 class=\"tg-module-title entry-title\">\n\t\t\t<a href=\"https:\/\/texwhite.com\/blog\/1a-convencao-dos-franqueados-texwhite-do-brasil\/\">1\u00aa Conven\u00e7\u00e3o dos franqueados Texwhite do Brasil!<\/a>\n\t\t<\/h3>\n\t\t                        <\/div>\n                    <\/div>\n\n                    \n                    <div class=\"tg_module_grid tg_module_grid--small tg_module_grid--half tg-col-control\">\n                                                    <figure class=\"tg-module-thumb\">\n                                \t\t<a href=\"https:\/\/texwhite.com\/blog\/unidade-texwhite-do-brasil-morretes-e-premiada-em-jantar-noite-destaques-do-ano-2023\/\" class=\"tg-thumb-link\">\n\t\t\t<img loading=\"lazy\" decoding=\"async\" width=\"392\" height=\"272\" src=\"https:\/\/texwhite.com\/blog\/wp-content\/uploads\/2024\/04\/texwhite-morretes-premiada-destaques-2023-392x272.png\" class=\"attachment-colormag-highlighted-post size-colormag-highlighted-post wp-post-image\" alt=\"\" srcset=\"https:\/\/texwhite.com\/blog\/wp-content\/uploads\/2024\/04\/texwhite-morretes-premiada-destaques-2023-392x272.png 392w, https:\/\/texwhite.com\/blog\/wp-content\/uploads\/2024\/04\/texwhite-morretes-premiada-destaques-2023-130x90.png 130w, https:\/\/texwhite.com\/blog\/wp-content\/uploads\/2024\/04\/texwhite-morretes-premiada-destaques-2023-600x417.png 600w\" sizes=\"(max-width: 392px) 100vw, 392px\" data-attachment-id=\"494\" data-permalink=\"https:\/\/texwhite.com\/blog\/unidade-texwhite-do-brasil-morretes-e-premiada-em-jantar-noite-destaques-do-ano-2023\/texwhite-morretes-premiada-destaques-2023\/\" data-orig-file=\"https:\/\/texwhite.com\/blog\/wp-content\/uploads\/2024\/04\/texwhite-morretes-premiada-destaques-2023.png\" data-orig-size=\"1280,905\" data-comments-opened=\"1\" data-image-meta=\"{&quot;aperture&quot;:&quot;0&quot;,&quot;credit&quot;:&quot;&quot;,&quot;camera&quot;:&quot;&quot;,&quot;caption&quot;:&quot;&quot;,&quot;created_timestamp&quot;:&quot;0&quot;,&quot;copyright&quot;:&quot;&quot;,&quot;focal_length&quot;:&quot;0&quot;,&quot;iso&quot;:&quot;0&quot;,&quot;shutter_speed&quot;:&quot;0&quot;,&quot;title&quot;:&quot;&quot;,&quot;orientation&quot;:&quot;0&quot;}\" data-image-title=\"texwhite-morretes-premiada-destaques-2023\" data-image-description=\"\" data-image-caption=\"\" data-medium-file=\"https:\/\/texwhite.com\/blog\/wp-content\/uploads\/2024\/04\/texwhite-morretes-premiada-destaques-2023-300x212.png\" data-large-file=\"https:\/\/texwhite.com\/blog\/wp-content\/uploads\/2024\/04\/texwhite-morretes-premiada-destaques-2023-1024x724.png\" \/>\t\t<\/a>\n\t\t                            <\/figure>\n                        \n                        <div class=\"tg-module-info\">\n                            <div class=\"tg-post-categories\"><a href=\"https:\/\/texwhite.com\/blog\/category\/blog\/\" class=\"tg-post-category\" rel=\"category tag\">Blog<\/a>&nbsp;<\/div>\t\t<h3 class=\"tg-module-title entry-title\">\n\t\t\t<a href=\"https:\/\/texwhite.com\/blog\/unidade-texwhite-do-brasil-morretes-e-premiada-em-jantar-noite-destaques-do-ano-2023\/\">UNIDADE TEXWHITE DO BRASIL MORRETES \u00c9 PREMIADA EM JANTAR NOITE DESTAQUES DO ANO 2023!<\/a>\n\t\t<\/h3>\n\t\t                        <\/div>\n                    <\/div>\n\n                    \n                    <div class=\"tg_module_grid tg_module_grid--small tg_module_grid--half tg-col-control\">\n                                                    <figure class=\"tg-module-thumb\">\n                                \t\t<a href=\"https:\/\/texwhite.com\/blog\/franqueado-da-texwhite-em-morretes-pr-brilha-em-evento-de-lancamento-da-revista-topview\/\" class=\"tg-thumb-link\">\n\t\t\t<img loading=\"lazy\" decoding=\"async\" width=\"392\" height=\"272\" src=\"https:\/\/texwhite.com\/blog\/wp-content\/uploads\/2024\/04\/Franqueado-da-Texwhite-em-Morretes-PR-392x272.png\" class=\"attachment-colormag-highlighted-post size-colormag-highlighted-post wp-post-image\" alt=\"\" srcset=\"https:\/\/texwhite.com\/blog\/wp-content\/uploads\/2024\/04\/Franqueado-da-Texwhite-em-Morretes-PR-392x272.png 392w, https:\/\/texwhite.com\/blog\/wp-content\/uploads\/2024\/04\/Franqueado-da-Texwhite-em-Morretes-PR-130x90.png 130w, https:\/\/texwhite.com\/blog\/wp-content\/uploads\/2024\/04\/Franqueado-da-Texwhite-em-Morretes-PR-600x417.png 600w\" sizes=\"(max-width: 392px) 100vw, 392px\" data-attachment-id=\"490\" data-permalink=\"https:\/\/texwhite.com\/blog\/franqueado-da-texwhite-em-morretes-pr-brilha-em-evento-de-lancamento-da-revista-topview\/franqueado-da-texwhite-em-morretes-pr\/\" data-orig-file=\"https:\/\/texwhite.com\/blog\/wp-content\/uploads\/2024\/04\/Franqueado-da-Texwhite-em-Morretes-PR.png\" data-orig-size=\"1280,949\" data-comments-opened=\"1\" data-image-meta=\"{&quot;aperture&quot;:&quot;0&quot;,&quot;credit&quot;:&quot;&quot;,&quot;camera&quot;:&quot;&quot;,&quot;caption&quot;:&quot;&quot;,&quot;created_timestamp&quot;:&quot;0&quot;,&quot;copyright&quot;:&quot;&quot;,&quot;focal_length&quot;:&quot;0&quot;,&quot;iso&quot;:&quot;0&quot;,&quot;shutter_speed&quot;:&quot;0&quot;,&quot;title&quot;:&quot;&quot;,&quot;orientation&quot;:&quot;0&quot;}\" data-image-title=\"Franqueado da Texwhite em Morretes &amp;#8211; PR\" data-image-description=\"\" data-image-caption=\"\" data-medium-file=\"https:\/\/texwhite.com\/blog\/wp-content\/uploads\/2024\/04\/Franqueado-da-Texwhite-em-Morretes-PR-300x222.png\" data-large-file=\"https:\/\/texwhite.com\/blog\/wp-content\/uploads\/2024\/04\/Franqueado-da-Texwhite-em-Morretes-PR-1024x759.png\" \/>\t\t<\/a>\n\t\t                            <\/figure>\n                        \n                        <div class=\"tg-module-info\">\n                            <div class=\"tg-post-categories\"><a href=\"https:\/\/texwhite.com\/blog\/category\/blog\/\" class=\"tg-post-category\" rel=\"category tag\">Blog<\/a>&nbsp;<\/div>\t\t<h3 class=\"tg-module-title entry-title\">\n\t\t\t<a href=\"https:\/\/texwhite.com\/blog\/franqueado-da-texwhite-em-morretes-pr-brilha-em-evento-de-lancamento-da-revista-topview\/\">Franqueado da Texwhite em Morretes &#8211; PR Brilha em Evento de Lan\u00e7amento da Revista Topview<\/a>\n\t\t<\/h3>\n\t\t                        <\/div>\n                    <\/div>\n\n                    <\/div><\/div>            <\/div>\n        <\/div>\n\n        \t\t\t\t<\/div>\n\t\t\t\t<\/div>\n\t\t\t\t\t<\/div>\n\t\t<\/div>\n\t\t\t\t\t<\/div>\n\t\t<\/section>\n\t\t\t\t<\/div>\n\t\t","protected":false},"excerpt":{"rendered":"<p>Mais Recentes Blog&nbsp; UNIDADE TEXWHITE DO BRASIL MORRETES \u00c9 PREMIADA EM JANTAR NOITE DESTAQUES DO ANO 2022! Blog&nbsp; 1\u00aa Conven\u00e7\u00e3o<\/p>\n","protected":false},"author":1,"featured_media":0,"parent":0,"menu_order":0,"comment_status":"closed","ping_status":"closed","template":"page-templates\/page-builder.php","meta":{"colormag_page_container_layout":"no_sidebar_full_width","colormag_page_sidebar_layout":"no_sidebar","footnotes":""},"class_list":["post-10","page","type-page","status-publish","hentry"],"magazineBlocksPostFeaturedMedia":{"thumbnail":false,"medium":false,"medium_large":false,"large":false,"1536x1536":false,"2048x2048":false,"colormag-highlighted-post":false,"colormag-featured-post-medium":false,"colormag-featured-post-small":false,"colormag-featured-image":false,"colormag-default-news":false,"colormag-featured-image-large":false,"colormag-elementor-block-extra-large-thumbnail":false,"colormag-elementor-grid-large-thumbnail":false,"colormag-elementor-grid-small-thumbnail":false,"colormag-elementor-grid-medium-large-thumbnail":false},"magazineBlocksPostAuthor":{"name":"clebergasparini.mkt","avatar":"https:\/\/secure.gravatar.com\/avatar\/6089fb574f66027ec4f7c40b0b71aabd1931a7375844835d3f5532ea954b28f2?s=96&d=mm&r=g"},"magazineBlocksPostCommentsNumber":false,"magazineBlocksPostExcerpt":"Mais Recentes Blog&nbsp; UNIDADE TEXWHITE DO BRASIL MORRETES \u00c9 PREMIADA EM JANTAR NOITE DESTAQUES DO ANO 2022! Blog&nbsp; 1\u00aa Conven\u00e7\u00e3o","magazineBlocksPostCategories":[],"magazineBlocksPostViewCount":0,"magazineBlocksPostReadTime":1,"jetpack_sharing_enabled":true,"jetpack_likes_enabled":true,"_links":{"self":[{"href":"https:\/\/texwhite.com\/blog\/wp-json\/wp\/v2\/pages\/10","targetHints":{"allow":["GET"]}}],"collection":[{"href":"https:\/\/texwhite.com\/blog\/wp-json\/wp\/v2\/pages"}],"about":[{"href":"https:\/\/texwhite.com\/blog\/wp-json\/wp\/v2\/types\/page"}],"author":[{"embeddable":true,"href":"https:\/\/texwhite.com\/blog\/wp-json\/wp\/v2\/users\/1"}],"replies":[{"embeddable":true,"href":"https:\/\/texwhite.com\/blog\/wp-json\/wp\/v2\/comments?post=10"}],"version-history":[{"count":9,"href":"https:\/\/texwhite.com\/blog\/wp-json\/wp\/v2\/pages\/10\/revisions"}],"predecessor-version":[{"id":550,"href":"https:\/\/texwhite.com\/blog\/wp-json\/wp\/v2\/pages\/10\/revisions\/550"}],"wp:attachment":[{"href":"https:\/\/texwhite.com\/blog\/wp-json\/wp\/v2\/media?parent=10"}],"curies":[{"name":"wp","href":"https:\/\/api.w.org\/{rel}","templated":true}]}}